are the prime factors of 312205?
5, 17, 3673
List the prime factors of 210927.
3, 70309
List the prime factors of 4040330.
2, 5, 7, 57719
List the prime factors of 854110.
2, 5, 85411
What are the prime factors of 452142?
2, 3, 2791
List the prime factors of 2561681.
2561681
What are the prime factors of 481240?
2, 5, 53, 227
List the prime factors of 72132.
2, 3, 6011
List the prime factors of 44041.
44041
List the prime factors of 24756837.
3, 7, 1178897
What are the prime factors of 930217?
31, 37, 811
List the prime factors of 727916.
2, 7, 25997
List the prime factors of 709221.
3, 236407
What are the prime factors of 875988?
2, 3, 8111
List the prime factors of 18716028.
2, 3, 1559669
List the prime factors of 491387.
13, 37799
What are the prime factors of 6222641?
6222641
List the prime factors of 4012678.
2, 2006339
List the prime factors of 663630.
2, 3, 5, 11, 2011
What are the prime factors of 5002443?
3, 555827
List the prime factors of 1132683.
3, 377561
What are the prime factors of 13969974?
2, 3, 89, 26161
List the prime factors of 12456411.
3, 11, 109, 3463
List the prime factors of 25936981.
7, 53, 69911
List the prime factors of 357389.
357389
List the prime factors of 35961.
3, 11987
What are the prime factors of 20501?
13, 19, 83
List the prime factors of 2084079.
3, 131, 5303
What are the prime factors of 6285348?
2, 3, 23, 7591
What are the prime factors of 3283449?
3, 13, 84191
List the prime factors of 744603.
3, 248201
What are the prime factors of 288708?
2, 3, 7, 491
List the prime factors of 29126543.
71, 410233
List the prime factors of 2272439.
13, 67, 2609
List the prime factors of 290758.
2, 13, 53, 211
List the prime factors of 1693251.
3, 7, 17, 31
What are the prime factors of 20581397?
3389, 6073
What are the prime factors of 768467?
7, 15683
What are the prime factors of 12475246?
2, 7, 17, 23, 43, 53
List the prime factors of 1253112.
2, 3, 7, 7459
What are the prime factors of 21423060?
2, 3, 5, 17, 7001
What are the prime factors of 8214818?
2, 23, 107, 1669
List the prime factors of 4577425.
5, 277, 661
List the prime factors of 35109151.
7, 11, 617, 739
List the prime factors of 405951.
3, 7, 13, 1487
List the prime factors of 2675779.
67, 39937
What are the prime factors of 56147?
7, 13, 617
What are the prime factors of 31114643?
7, 4444949
What are the prime factors of 3818817?
3, 424313
What are the prime factors of 14458?
2, 7229
List the prime factors of 96360.
2, 3, 5, 11, 73
What are the prime factors of 730601?
89, 8209
List the prime factors of 3835177.
59, 65003
What are the prime factors of 3280642?
2, 37, 43, 1031
List the prime factors of 497171.
497171
What are the prime factors of 3031761?
3, 61, 16567
What are the prime factors of 16438139?
1307, 12577
List the prime factors of 1811833.
29, 62477
What are the prime factors of 1261294?
2, 53, 73, 163
What are the prime factors of 6514074?
2, 3, 7, 19, 907
List the prime factors of 2174660.
2, 5, 227, 479
What are the prime factors of 291983?
291983
What are the prime factors of 522633?
3, 19, 53, 173
List the prime factors of 9244890.
2, 3, 5, 139, 739
List the prime factors of 705900.
2, 3, 5, 13, 181
List the prime factors of 13999.
13999
What are the prime factors of 5701228?
2, 13, 109639
What are the prime factors of 576283?
17, 109, 311
What are the prime factors of 138735?
3, 5, 3083
List the prime factors of 3614089.
1499, 2411
List the prime factors of 113239.
7, 2311
What are the prime factors of 626155?
5, 125231
What are the prime factors of 150792?
2, 3, 61, 103
List the prime factors of 902056.
2, 112757
List the prime factors of 191152.
2, 13, 919
What are the prime factors of 244766?
2, 17, 23, 313
What are the prime factors of 2329473?
3, 79, 9829
List the prime factors of 401697.
3, 44633
What are the prime factors of 2330419?
7, 13, 25609
List the prime factors of 4730941.
31, 101, 1511
List the prime factors of 1841486.
2, 920743
List the prime factors of 2840485.
5, 568097
What are the prime factors of 1070458?
2, 535229
List the prime factors of 33526.
2, 16763
List the prime factors of 1697083.
1697083
List the prime factors of 438773.
61, 7193
What are the prime factors of 529025?
5, 7, 3023
List the prime factors of 888391.
7, 126913
What are the prime factors of 137997?
3, 19, 269
List the prime factors of 341860.
2, 5, 17093
List the prime factors of 4145448.
2, 3, 53, 3259
List the prime factors of 6327575.
5, 253103
What are the prime factors of 68108?
2, 17027
What are the prime factors of 3166368?
2, 3, 32983
What are the prime factors of 788605?
5, 157721
What are the prime factors of 1066598?
2, 13, 41023
List the prime factors of 22894449.
3, 19, 89, 4513
List the prime factors of 3047316.
2, 3, 23, 61, 181
List the prime factors of 309350.
2, 5, 23, 269
List the prime factors of 597652.
2, 11, 17, 47
What are the prime factors of 4302360?
2, 3, 5, 17, 19, 37
What are the prime factors of 14206625?
5, 89, 1277
What are the prime factors of 1980232?
2, 247529
What are the prime factors of 800055?
3, 5, 23, 773
What are the prime factors of 2183651?
19, 281, 409
List the prime factors of 985080.
2, 3, 5, 8209
List the prime factors of 172968.
2, 3, 7207
List the prime factors of 347741.
43, 8087
List the prime factors of 305329.
305329
List the prime factors of 6908949.
3, 255887
What are the prime factors of 6649169?
1579, 4211
What are the prime factors of 9094270?
2, 5, 53, 17159
What are the prime factors of 4065191?
13, 29, 41, 263
What are the prime factors of 29303062?
2, 14651531
List the prime factors of 1532198.
2, 19, 61, 661
What are the prime factors of 1735361?
1735361
List the prime factors of 279835.
5, 55967
What are the prime factors of 533932?
2, 7, 19069
List the prime factors of 3448764.
2, 3, 11, 2903
What are the prime factors of 866648?
2, 127, 853
List the prime factors of 205179.
3, 13, 5261
What are the prime factors of 768937?
13, 59149
List the prime factors of 803603.
37, 587
List the prime factors of 3819226.
2, 313, 6101
List the prime factors of 340338.
2, 3, 131, 433
List the prime factors of 459350.
2, 5, 9187
List the prime factors of 7416643.
13, 570511
List the prime factors of 24881.
139, 179
List the prime factors of 1173753.
3, 7, 31, 601
What are the prime factors of 8572783?
8572783
What are the prime factors of 2682657?
3, 347, 859
What are the prime factors of 25238?
2, 12619
List the prime factors of 4605248.
2, 47, 1531
What are the prime factors of 58948?
2, 14737
List the prime factors of 5878623.
3, 31, 63211
List the prime factors of 273985.
5, 37, 1481
List the prime factors of 22990125.
3, 5, 101, 607
List the prime factors of 273123.
3, 30347
List the prime factors of 119918.
2, 17, 3527
What are the prime factors of 543971?
543971
List the prime factors of 4318417.
641, 6737
List the prime factors of 5426010.
2, 3, 5, 60289
What are the prime factors of 73140?
2, 3, 5, 23, 53
List the prime factors of 425556.
2, 3, 11821
List the prime factors of 11814972.
2, 3, 13, 53, 1429
What are the prime factors of 15961998?
2, 3, 13, 204641
What are the prime factors of 592233?
3, 113, 1747
List the prime factors of 3372447.
3, 13, 43, 2011
List the prime factors of 5601267.
3, 7, 67, 1327
List the prime factors of 7855714.
2, 1451, 2707
What are the prime factors of 608357?
608357
List the prime factors of 454660.
2, 5, 127, 179
List the prime factors of 24666202.
2, 11, 1121191
What are the prime factors of 8179357?
8179357
List the prime factors of 4372186.
2, 7, 13, 24023
List the prime factors of 1340655.
3, 5, 139, 643
What are the prime factors of 2841698?
2, 43, 173, 191
What are the prime factors of 23801662?
2, 59, 201709
List the prime factors of 2326880.
2, 5, 14543
What are the prime factors of 49055?
5, 9811
What are the prime factors of 4239725?
5, 7, 3461
List the prime factors of 21726636.
2, 3, 1810553
What are the prime factors of 485240?
2, 5, 7, 1733
List the prime factors of 1482698.
2, 7, 105907
List the prime factors of 66919.
66919
List the prime factors of 3204671.
521, 6151
What are the prime factors of 5741007?
3, 23, 83203
List the prime factors of 134187.
3, 44729
What are the prime factors of 4018675?
5, 23, 29, 241
What ar